and 11?
11
Suppose 0*p = p - 10. Suppose 14 = 2*j - 2*f, -4 = 2*f - 0. What is the greatest common divisor of p and j?
5
Let k be (-90)/(-4)*((-60)/25 - -4). Calculate the greatest common divisor of k and 9.
9
Let f = 10 + 25. Let g(l) = l**3 - 14*l**2 - 14*l - 1. Let v be g(15). What is the greatest common factor of f and v?
7
Suppose -7 = -5*l + 13. Suppose -l*v + 8 = -3*v. Calculate the greatest common factor of 40 and v.
8
Let q = -559 + 573. Calculate the highest common factor of q and 8.
2
Let u(o) = 15*o + 3. Let j be u(2). Let x = -2 - 3. Let y = 8 + x. Calculate the greatest common divisor of j and y.
3
Let p(z) = -2*z**3 + 67*z**2 - 34*z + 98. Let a be p(33). What is the greatest common factor of 403 and a?
13
Let r be (-2)/(-7 - 514/(-74)). Suppose 0 = -2*d + 272 + 98. Calculate the highest common divisor of r and d.
37
Let j be 9*(1 - 10/15). Suppose 5 = 2*u + j*u. What is the highest common divisor of u and 4?
1
Let o = 9 + -9. Suppose p + g = -o*p + 56, -5*p + 5*g = -260. Calculate the greatest common factor of 36 and p.
18
Let h(g) = -g**3 - 10*g**2 - 8*g + 13. Let v be (-2)/(-1) - 4 - 7. Let j be h(v). Suppose -j*y = 2*y - 162. What is the greatest common factor of y and 27?
27
Let c(w) = w**3 + 27*w**2 + 21*w + 65. Let o be c(-26). Calculate the greatest common factor of o and 78.
39
Let a(g) = -g + 6. Let b be a(12). Let v(i) = -i**3 - 3*i**2 + 8*i + 3. Let n be v(b). What is the greatest common divisor of n and 7?
7
Let g(u) be the third derivative of u**5/60 + 3*u**4/8 + 10*u**3/3 + 11*u**2. Let m be g(-8). What is the greatest common divisor of m and 12?
12
Let h(g) = -87*g - 17. Let v be h(-1). Suppose -21*u + 50 = -16*u. What is the greatest common factor of v and u?
10
Let q(z) = 2*z - 2. Let b be q(1). Suppose b = -n + 6 + 8. What is the greatest common factor of n and 2?
2
Let y = 17 + -15. Suppose -2*a = -2*i + a + 13, -y*a = -6. Let s(b) = -b**3 - 2*b**2 - 2*b - 4. Let h be s(-3). What is the greatest common factor of h and i?
11
Suppose -a = 4*a + 5*k - 35, 5*a + 2*k - 38 = 0. Suppose 2*m - 14 = -4*z, 3*z = a*z - 5*m - 55. What is the highest common divisor of z and 24?
6
Suppose -5*w - 7 = 113. Let n = w - -33. Calculate the highest common divisor of n and 90.
9
Suppose -6*h - 12 = -3*h - 2*b, -b = 3. Let w(g) = -2*g**3 - 10*g**2 + 7*g + 6. Let x be w(h). What is the highest common divisor of 4 and x?
4
Suppose 0 = -5*m + y - 1608, 2*y - 4 = -8. Let v = -84 - m. What is the greatest common factor of 34 and v?
34
Suppose -3*a = 2*a. Suppose a = -4*w + w + 456. Let j(o) = -5*o - 6. Let c be j(-5). What is the highest common factor of c and w?
19
Let m be 11/(-7) + 15/(-35). Let w be 1*(-8 - (m - -1)). Let s be ((-3)/(-7))/((-1)/w). What is the highest common divisor of 24 and s?
3
Suppose -135*k + 148*k - 52 = 0. Calculate the greatest common divisor of 5 and k.
1
Suppose 7 = 3*d - 5*x - 4, 9 = 2*d - 5*x. Suppose 5*l - d = 8. What is the greatest common divisor of l and 8?
2
Let q(m) = m**2 + 7*m + 10. Let g(w) = 1. Let d(k) = 6*g(k) + q(k). Let p be d(-7). Calculate the greatest common divisor of p and 4.
4
Let s = -869 + 932. Let i be 1 - -16 - (-2)/2. Calculate the greatest common factor of i and s.
9
Let s(b) = 4*b - 26. Let m be s(10). Suppose 0 = m*x - 16*x + 56. Calculate the highest common divisor of x and 84.
28
Suppose 8 = -3*m + 5*m + 4*q, 0 = 4*m + q - 16. Suppose -m*p - 5 + 97 = -4*r, 3*p + r = 61. What is the highest common divisor of p and 3?
3
Let c be 9 - ((-1)/8 + 141/(-24)). Let t = -119 - -284. What is the highest common factor of t and c?
15
Suppose -194*m + 188*m + 576 = 0. Let w be 4/(-14) - 172/(-14). What is the highest common factor of m and w?
12
Let a(x) = x**2 - 59*x - 422. Let s be a(66). Let z be (-1796)/(-18) - (-2)/9. Calculate the highest common factor of z and s.
20
Suppose 0 = -19*c - 105 + 124. Let d(q) = -q**2 - 2*q + 3. Let a be d(-4). Let f be 2 + (a - -1) - -5. What is the greatest common divisor of f and c?
1
Suppose k + m - 18 - 29 = 0, -4*k + m = -213. Let l = -338 + 346. Calculate the greatest common factor of l and k.
4
Suppose -4*m + 59 = -29. Let t(v) = v + 3 - 1 - 4 + 7. Let q be t(6). Calculate the highest common factor of m and q.
11
Suppose 33*y = -188 + 1178. Calculate the highest common factor of y and 1470.
30
Let r = -17 - 3. Let u = r + 38. What is the greatest common divisor of 9 and u?
9
Let r be 20/4 + -1 + (127 - -1). Suppose -11*y + 12*y - r = 0. What is the greatest common divisor of 12 and y?
12
Let j be (-2746)/(-4) - (-8 + 221/26). Calculate the greatest common divisor of j and 42.
14
Let x be 5 + 0 + (2 - 0). Suppose x*f = 2*f. Suppose 2*a - 651 + 145 = f. What is the highest common factor of a and 23?
23
Let n(g) = 2*g - 3. Let c be n(1). Let q be (-3)/(-2) + ((-15)/(-2) - c). What is the greatest common divisor of q and 70?
10
Let h = 1238 - 708. What is the greatest common factor of h and 10?
10
Let u be (-2 - -12)/(-7 - -5). Let v be (5 - u) + 1 + 1. Calculate the greatest common factor of 4 and v.
4
Let t(l) = -l**3 + 8*l**2 - 9*l - 10. Let j be t(7). Let g = j + 34. Suppose 3*i + 5*w = w + 48, 5 = i + 5*w. What is the highest common factor of i and g?
10
Let o(a) = -a**3 + 24*a**2 + 7*a + 9. Let j be o(24). What is the highest common factor of j and 236?
59
Let x = -102 - -80. Let h = x + 45. Calculate the greatest common factor of h and 69.
23
Suppose 0 = 4*z + 2*c - 34, 4*c = -2*z + z - 2. Let a(j) = -j**3 + 18*j**2 - 36*j + 74. Let t be a(16). Calculate the greatest common divisor of t and z.
10
Suppose 4*r + r - 30 = 0. Calculate the greatest common factor of r and 12.
6
Let k = 24 + -22. Suppose -y + k = -3*z - 1, y = 5*z + 3. Calculate the greatest common factor of y and 12.
3
Let h = -2896 + 2905. Let p = 21 - 12. Calculate the greatest common factor of h and p.
9
Let n be (-4375)/(-133) + 4/38. Calculate the highest common divisor of 2112 and n.
33
Suppose p = 5*a + 34, 3*p = 4*p + 1. Let u = 7 + a. Suppose 5*x - 31 - 74 = u. Calculate the highest common factor of x and 14.
7
Suppose 0 = -18*y + 56*y - 152. What is the greatest common factor of 334 and y?
2
Suppose -4*m = 54 - 118. Calculate the highest common divisor of 28 and m.
4
Let s be (2 - -103) + 2 + 1. Let u = s + -53. Suppose -15 = -3*k, -4*n + u = -3*n + 5*k. What is the highest common divisor of 6 and n?
6
Let t be ((-30)/8)/((-90)/22440). What is the highest common divisor of 85 and t?
85
Let x = 125 - 5. Calculate the greatest common factor of 40 and x.
40
Let q = 53 + -126. Let p = -63 - q. What is the highest common factor of 30 and p?
10
Let s be 4/5*28730/52. Calculate the highest common divisor of 156 and s.
26
Let y = 91 + 35. Calculate the highest common factor of 45 and y.
9
Let d = 370 + -285. What is the greatest common factor of 1105 and d?
85
Suppose -4*o - 12 = -4*j, j = -o + 2 - 15. Let c be -162*4/o + 0. What is the greatest common divisor of 27 and c?
27
Let d be (2/(-5))/((-9)/1080). Suppose z = 4*z - d. Suppose 4*h = 16, -3*t + 186 = h - 154. Calculate the greatest common factor of t and z.
16
Suppose -56 = 4*v - 220. Let h = v + -5. Calculate the greatest common factor of h and 9.
9
Let q = 1623 + -558. Suppose 0 = -0*t + 5*t - 5*k - q, 0 = 4*t - 2*k - 844. Let i be (38/4)/(1/2). What is the greatest common divisor of i and t?
19
Let f(x) = x**2 - 15*x - 9. Let b be f(11). Let p = 80 + b. What is the greatest common factor of p and 81?
27
Let f be (-3)/2*3770/(-65). What is the highest common factor of f and 116?
29
Suppose 0 = -2*b + 12 + 26. Let z = b + 1. Suppose -100 = -4*w + 2*w. Calculate the highest common divisor of w and z.
10
Suppose 28*i - 25*i - 1044 = 0. What is the highest common factor of 24 and i?
12
Suppose n = -3*k + 398, k + 0*n = n + 138. Suppose 0 = 4*x - 114 - k. What is the highest common divisor of x and 155?
31
Let f(t) = t**2 - 8*t + 10. Let q be ((-24)/(-10))/((-15)/(-50)). Let b be f(q). Suppose 4*v = -b + 14. What is the greatest common factor of 7 and v?
1
Let i(g) = -g - 9. Suppose 5*l = -3*f - 25, -3*l = -4*f + 6 + 9. Let r be i(l). Let b be (-134)/r + 2/(-4). Calculate the greatest common factor of b and 3.
3
Let z = 18 + 150. Let g = -8 + 17. Suppose -59 + 248 = g*n. Calculate the highest common divisor of z and n.
